git of 70052162?
7
What is the thousands digit of 1732751491?
1
What is the hundred thousands digit of 165176880?
1
What is the hundreds digit of 203906439?
4
What is the hundreds digit of 793674246?
2
What is the hundred millions digit of 813312212?
8
What is the thousands digit of 164570323?
0
What is the hundred thousands digit of 671039906?
0
What is the hundred thousands digit of 718425559?
4
What is the ten thousands digit of 1325058534?
5
What is the ten thousands digit of 620544555?
4
What is the hundreds digit of 2876812881?
8
What is the tens digit of 60089578?
7
What is the hundred thousands digit of 2122461391?
4
What is the hundred thousands digit of 14440069?
4
What is the ten millions digit of 562201043?
6
What is the ten thousands digit of 95039839?
3
What is the hundred thousands digit of 104679229?
6
What is the tens digit of 55667811?
1
What is the hundred millions digit of 118835473?
1
What is the hundreds digit of 386348256?
2
What is the tens digit of 606397930?
3
What is the hundred thousands digit of 5939175?
9
What is the ten millions digit of 1574305381?
7
What is the hundred millions digit of 593187052?
5
What is the millions digit of 824065386?
4
What is the thousands digit of 36769604?
9
What is the ten thousands digit of 798759749?
5
What is the hundreds digit of 365327794?
7
What is the ten millions digit of 22714184?
2
What is the ten thousands digit of 437187411?
8
What is the millions digit of 44220020?
4
What is the thousands digit of 1896276995?
6
What is the hundred thousands digit of 585201733?
2
What is the ten millions digit of 42231268?
4
What is the millions digit of 38713129?
8
What is the thousands digit of 280777404?
7
What is the units digit of 3980639?
9
What is the hundred millions digit of 1756921776?
7
What is the thousands digit of 52749214?
9
What is the hundred thousands digit of 131602022?
6
What is the thousands digit of 156742479?
2
What is the ten thousands digit of 1098902544?
0
What is the tens digit of 163700770?
7
What is the thousands digit of 1570747280?
7
What is the millions digit of 37692949?
7
What is the hundred thousands digit of 278497289?
4
What is the hundred thousands digit of 48640561?
6
What is the thousands digit of 432692800?
2
What is the thousands digit of 165275131?
5
What is the ten millions digit of 22891240?
2
What is the hundreds digit of 23337559?
5
What is the ten thousands digit of 792312705?
1
What is the tens digit of 76690173?
7
What is the millions digit of 86670786?
6
What is the ten millions digit of 43168535?
4
What is the billions digit of 2616313999?
2
What is the ten thousands digit of 4011659715?
5
What is the tens digit of 344321369?
6
What is the thousands digit of 8555217?
5
What is the hundred millions digit of 106483942?
1
What is the ten millions digit of 7142552185?
4
What is the thousands digit of 711841250?
1
What is the hundreds digit of 408939289?
2
What is the units digit of 441469507?
7
What is the hundred thousands digit of 730483207?
4
What is the hundreds digit of 73875368?
3
What is the tens digit of 1522131590?
9
What is the thousands digit of 4286213700?
3
What is the units digit of 50563729?
9
What is the hundred thousands digit of 4978310?
9
What is the hundred thousands digit of 644025848?
0
What is the tens digit of 554047030?
3
What is the units digit of 194106724?
4
What is the hundred millions digit of 157716374?
1
What is the hundred thousands digit of 7017747350?
7
What is the ten millions digit of 74697550?
7
What is the hundreds digit of 4018415364?
3
What is the ten millions digit of 10234715?
1
What is the thousands digit of 71345263?
5
What is the thousands digit of 245021127?
1
What is the ten thousands digit of 2644021366?
2
What is the tens digit of 1903026301?
0
What is the hundred millions digit of 547374292?
5
What is the hundreds digit of 68748802?
8
What is the ten thousands digit of 114767934?
6
What is the tens digit of 41540137?
3
What is the millions digit of 997443511?
7
What is the hundred millions digit of 672294258?
6
What is the hundreds digit of 752643695?
6
What is the tens digit of 640368111?
1
What is the ten thousands digit of 53460275?
6
What is the tens digit of 1886506310?
1
What is the hundred thousands digit of 38027732?
0
What is the hundreds digit of 357944800?
8
What is the hundreds digit of 1050425390?
3
What is the hundred thousands digit of 488922722?
9
What is the units digit of 132530809?
9
What is the hundred thousands digit of 6436785206?
7
What is the tens digit of 7862489565?
6
What is the thousands digit of 40185262?
5
What is the tens digit of 885969851?
5
What is the ten thousands digit of 14189623?
8
What is the units digit of 12543501?
1
What is the millions digit of 72307035?
2
What is the ten thousands digit of 90586442?
8
What is the hundreds digit of 104109019?
0
What is the ten thousands digit of 7451346?
5
What is the billions digit of 3610843089?
3
What is the units digit of 40526173?
3
What is the units digit of 158668850?
0
What is the hundred thousands digit of 81012336?
0
What is the thousands digit of 3510850?
0
What is the units digit of 2959176955?
5
What is the hundred millions digit of 1260384277?
2
What is the hundred millions digit of 407480842?
4
What is the tens digit of 174233337?
3
What is the ten millions digit of 47118463?
4
What is the hundreds digit of 108830200?
2
What is the millions digit of 33575536?
3
What is the billions digit of 4801625111?
4
What is the millions digit of 441822923?
1
What is the hundred thousands digit of 3066934942?
9
What is the tens digit of 23867042?
4
What is the hundred thousands digit of 85817170?
8
What is the millions digit of 1141285782?
1
What is the hundreds digit of 49397177?
1
What is the hundreds digit of 3915847543?
5
What is the tens digit of 213421007?
0
What is the units digit of 66484876?
6
What is the ten thousands digit of 175345478?
4
What is the millions digit of 32188763?
2
What is the tens digit of 61097485?
8
What is the hundreds digit of 2739959637?
6
What is the units digit of 3383380310?
0
What is the units digit of 135636640?
0
What is the millions digit of 417376601?
7
What is the millions digit of 1727067?
1
What is the millions digit of 411465164?
1
What is the ten thousands digit of 32074068?
7
What is the millions digit of 2641077598?
1
What is the millions digit of 259511609?
9
What is the ten millions digit of 81576354?
8
What is the hundred millions digit of 1195947732?
1
What is the hundred millions digit of 7167214448?
1
What is the ten thousands digit of 1155863738?
6
What is the ten millions digit of 12164617?
1
What is the ten millions digit of 2652403599?
5
What is the millions digit of 175089327?
5
What is the units digit of 422817082?
2
What is the hundreds digit of 537623510?
5
What is the hundred thousands digit of 126653068?
6
What is the billions digit of 1008049982?
1
What is the hundred thousands digit of 599928929?
9
What is the ten millions digit of 976177585?
7
What is the ten thousands digit of 714135839?
3
What is the hundred millions digit of 195956454?
1
What is the hundred thousands digit of 1585351483?
3
What is the ten millions digit of 651389499?
5
What is the hundred millions digit of 362393020?
3
What is the billions digit of 3190328738?
3
What is the hundred thousands digit of 305017028?
0
What is the thousands digit of 315969885?
9
What is the ten thousands digit of 286353059?
5
What is the units digit of 91634716?
6
What is the units digit of 176559126?
6
What is the thousands digit of 96067319?
7
What is the hundreds digit of 27076980?
9
What is the millions digit of 101729791?
1
What is the tens digit of 55470975?
7
What is the ten millions digit of 3432437932?
3
What is the ten millions digit of 5366639956?
6
What is the units digit of 3556059829?
9
What is the hundreds digit of 133875135?
1
What is the millions digit of 6788248?
6
What is the units digit of 7597428071?
1
What is the hundred thousands digit of 458898955?
8
What is the ten millions digit of 836293529?
3
What is the millions digit of 944920897?
4
What is the units digit of 448425726?
6
What is the ten thousands digit of 2685100659?
0
What is the ten thousands digit of 6249959404?
5